git of 52560345?
3
What is the hundreds digit of 7315612?
6
What is the hundred millions digit of 398678497?
3
What is the ten thousands digit of 31557647?
5
What is the hundreds digit of 29159436?
4
What is the tens digit of 132979990?
9
What is the thousands digit of 64175283?
5
What is the hundreds digit of 68272094?
0
What is the units digit of 2871482210?
0
What is the units digit of 118707172?
2
What is the thousands digit of 379873341?
3
What is the hundreds digit of 2716195135?
1
What is the tens digit of 117550958?
5
What is the ten thousands digit of 40520568?
2
What is the ten millions digit of 62067475?
6
What is the hundred thousands digit of 112647864?
6
What is the thousands digit of 444974882?
4
What is the ten thousands digit of 1017492749?
9
What is the hundreds digit of 469190656?
6
What is the hundreds digit of 432754776?
7
What is the ten thousands digit of 1974011191?
1
What is the hundred thousands digit of 151237306?
2
What is the ten thousands digit of 205172957?
7
What is the ten thousands digit of 421275885?
7
What is the millions digit of 1935693618?
5
What is the hundred thousands digit of 3411376567?
3
What is the hundreds digit of 5798810030?
0
What is the thousands digit of 1016795928?
5
What is the thousands digit of 1662974646?
4
What is the ten millions digit of 96877630?
9
What is the thousands digit of 1528667142?
7
What is the thousands digit of 663324735?
4
What is the hundred thousands digit of 230875766?
8
What is the ten millions digit of 1768728825?
6
What is the hundreds digit of 11740793?
7
What is the millions digit of 2679585241?
9
What is the ten thousands digit of 15577122?
7
What is the hundreds digit of 138475445?
4
What is the ten thousands digit of 1479795138?
9
What is the thousands digit of 989154088?
4
What is the millions digit of 711692260?
1
What is the millions digit of 22262878?
2
What is the units digit of 6025945715?
5
What is the billions digit of 1514325993?
1
What is the ten thousands digit of 44956961?
5
What is the ten thousands digit of 631020060?
2
What is the hundreds digit of 163180795?
7
What is the millions digit of 58685329?
8
What is the thousands digit of 221626161?
6
What is the billions digit of 1155768767?
1
What is the ten millions digit of 362761080?
6
What is the hundreds digit of 38013324?
3
What is the thousands digit of 29926547?
6
What is the millions digit of 134460694?
4
What is the ten thousands digit of 2155356292?
5
What is the units digit of 52384371?
1
What is the ten thousands digit of 3389620?
8
What is the ten millions digit of 651228158?
5
What is the thousands digit of 820767100?
7
What is the thousands digit of 23264544?
4
What is the thousands digit of 188821711?
1
What is the units digit of 718656713?
3
What is the thousands digit of 376690090?
0
What is the units digit of 900268018?
8
What is the millions digit of 454263867?
4
What is the millions digit of 214136622?
4
What is the hundred millions digit of 272271616?
2
What is the hundreds digit of 3435523691?
6
What is the hundred thousands digit of 116767729?
7
What is the hundreds digit of 1804571180?
1
What is the hundreds digit of 37590638?
6
What is the tens digit of 739132873?
7
What is the thousands digit of 3625825310?
5
What is the thousands digit of 49856632?
6
What is the tens digit of 5678569391?
9
What is the ten thousands digit of 80461886?
6
What is the thousands digit of 26913952?
3
What is the millions digit of 4624537122?
4
What is the millions digit of 3133385063?
3
What is the units digit of 1105106?
6
What is the ten millions digit of 1494954644?
9
What is the tens digit of 4266619532?
3
What is the millions digit of 275043100?
5
What is the thousands digit of 401500246?
0
What is the hundred thousands digit of 3128226346?
2
What is the ten thousands digit of 771941756?
4
What is the thousands digit of 27080083?
0
What is the hundred thousands digit of 1671493?
6
What is the units digit of 332148994?
4
What is the tens digit of 5925240896?
9
What is the thousands digit of 112169222?
9
What is the hundred thousands digit of 125822105?
8
What is the ten millions digit of 44696946?
4
What is the ten thousands digit of 7639052?
3
What is the hundreds digit of 87626488?
4
What is the billions digit of 2075028127?
2
What is the tens digit of 48079597?
9
What is the hundreds digit of 3770488?
4
What is the thousands digit of 8369748610?
8
What is the ten thousands digit of 96345331?
4
What is the units digit of 137924876?
6
What is the hundred thousands digit of 920022946?
0
What is the tens digit of 47383403?
0
What is the ten millions digit of 30496125?
3
What is the thousands digit of 106162214?
2
What is the units digit of 273415267?
7
What is the hundreds digit of 1996384569?
5
What is the millions digit of 474912645?
4
What is the millions digit of 494731020?
4
What is the units digit of 616750452?
2
What is the hundred millions digit of 115571920?
1
What is the hundred millions digit of 410471541?
4
What is the millions digit of 7315547577?
5
What is the millions digit of 167310341?
7
What is the ten thousands digit of 38355901?
5
What is the hundreds digit of 2698988?
9
What is the hundred thousands digit of 1587180007?
1
What is the units digit of 5578686175?
5
What is the ten millions digit of 28810167?
2
What is the tens digit of 310997991?
9
What is the ten thousands digit of 726647718?
4
What is the hundreds digit of 1788434041?
0
What is the tens digit of 2614682505?
0
What is the thousands digit of 38574906?
4
What is the ten millions digit of 334356856?
3
What is the ten thousands digit of 404428166?
2
What is the hundred thousands digit of 3146365882?
3
What is the millions digit of 965652736?
5
What is the ten thousands digit of 72064430?
6
What is the tens digit of 61454520?
2
What is the thousands digit of 152852524?
2
What is the hundred thousands digit of 79819179?
8
What is the ten millions digit of 852663331?
5
What is the thousands digit of 1291443000?
3
What is the hundred thousands digit of 51132656?
1
What is the ten millions digit of 46197808?
4
What is the ten millions digit of 32314952?
3
What is the ten thousands digit of 53895688?
9
What is the millions digit of 2594103727?
4
What is the millions digit of 651488438?
1
What is the ten thousands digit of 13971212?
7
What is the hundred thousands digit of 43256114?
2
What is the hundred millions digit of 154809817?
1
What is the ten thousands digit of 762064203?
6
What is the ten thousands digit of 80310639?
1
What is the ten thousands digit of 638283553?
8
What is the hundreds digit of 389505454?
4
What is the ten millions digit of 427673223?
2
What is the thousands digit of 1294768580?
8
What is the tens digit of 973446751?
5
What is the hundred millions digit of 198089444?
1
What is the hundreds digit of 91771612?
6
What is the tens digit of 794341017?
1
What is the ten thousands digit of 165035763?
3
What is the hundreds digit of 4523895336?
3
What is the millions digit of 146940845?
6
What is the ten millions digit of 1374054620?
7
What is the thousands digit of 93646843?
6
What is the thousands digit of 36247362?
7
What is the millions digit of 1165146146?
5
What is the hundreds digit of 2717115350?
3
What is the ten millions digit of 133176325?
3
What is the ten millions digit of 1723094006?
2
What is the units digit of 105448135?
5
What is the tens digit of 57696244?
4
What is the hundred thousands digit of 451417767?
4
What is the units digit of 1429229429?
9
What is the tens digit of 741544653?
5
What is the ten thousands digit of 1761154833?
5
What is the millions digit of 6163099?
6
What is the hundreds digit of 79372897?
8
What is the thousands digit of 11058135?
8
What is the hundreds digit of 250336760?
7
What is the billions digit of 4284898661?
4
What is the hundred thousands digit of 113915616?
9
What is the tens digit of 3952973848?
4
What is the thousands digit of 146514579?
4
What is the ten millions digit of 20429633?
2
What is the tens digit of 250839708?
0
What is the hundreds digit of 88783548?
5
What is the ten millions digit of 2159746704?
5
What is the units digit of 54713321?
1
What is the millions digit of 355443087?
5
What is the thousands digit of 2234311127?
1
